{"id":4317,"date":"2021-12-08T15:28:30","date_gmt":"2021-12-08T14:28:30","guid":{"rendered":"https:\/\/www.baumaniereboutique.com\/produits\/uncategorized\/laffectif-rose-2020\/"},"modified":"2022-05-03T14:45:21","modified_gmt":"2022-05-03T12:45:21","slug":"laffectif-rose-2021","status":"publish","type":"product","link":"https:\/\/www.baumaniereboutique.com\/en\/produits\/products\/the-wine-cellar\/laffectif-rose-2021\/","title":{"rendered":"L&#8217;Affectif Ros\u00e9 2021"},"content":{"rendered":"<p>Biodynamic wine created by Jean-Andr\u00e9 Charial, owner of Baumani\u00e8re.<\/p>\n<p>Hand picked \/ Blend : 90% Grenache, 3% Cinsault, 5% Counoise, 2% Mourv\u00e8dre<\/p>\n<p>A word from our Head Sommelier :<br \/>\nAn ample and sensual ros\u00e9. Rose petal colour, nose dominated by wild strawberries and redcurrants. Still young in the mouth, with a background of small fruits. A texture well coated by a hint of acidity on a mineral note which gives it a beautiful freshness and a lot of tenderness on the finish.<\/p>\n<p>To be chilled well before drinking (10-12\u00b0 T) as an aperitif or to accompany fish dishes such as red mullet and lean meat, tajines, country-style charcuterie and mixed salads.<\/p>\n<p>13.5% vol. \/ 750 ml<\/p>\n<p>Alcohol abuse is dangerous for your health, consume in moderation.<\/p>\n","protected":false},"excerpt":{"rendered":"<p>Biodynamic wine created by Jean-Andr\u00e9 Charial, owner of Baumani\u00e8re. Hand picked \/ Blend : 90% Grenache, 3% Cinsault, 5% Counoise, 2% Mourv\u00e8dre A word from our Head Sommelier : An ample and sensual ros\u00e9. Rose petal colour, nose dominated by wild strawberries and redcurrants. Still young in the mouth, with a background of small fruits. [&hellip;]<\/p>\n","protected":false},"featured_media":43771,"comment_status":"open","ping_status":"closed","template":"","meta":{"_acf_changed":false,"_et_pb_use_builder":"","_et_pb_old_content":"","_et_gb_content_width":""},"product_brand":[],"product_cat":[114,108],"product_tag":[],"class_list":{"0":"post-4317","1":"product","2":"type-product","3":"status-publish","4":"has-post-thumbnail","6":"product_cat-products","7":"product_cat-the-wine-cellar","9":"first","10":"instock","11":"shipping-taxable","12":"purchasable","13":"product-type-simple"},"acf":[],"yoast_head":"<!-- This site is optimized with the Yoast SEO plugin v27.2 - https:\/\/yoast.com\/product\/yoast-seo-wordpress\/ -->\n<title>L&#039;Affectif Ros\u00e9 2021 | La Boutique de Baumani\u00e8re<\/title>\n<meta name=\"robots\" content=\"index, follow, max-snippet:-1, max-image-preview:large, max-video-preview:-1\" \/>\n<link rel=\"canonical\" href=\"https:\/\/www.baumaniereboutique.com\/en\/produits\/products\/the-wine-cellar\/laffectif-rose-2021\/\" \/>\n<meta property=\"og:locale\" content=\"en_US\" \/>\n<meta property=\"og:type\" content=\"article\" \/>\n<meta property=\"og:title\" content=\"L&#039;Affectif Ros\u00e9 2021 | La Boutique de Baumani\u00e8re\" \/>\n<meta property=\"og:description\" content=\"Biodynamic wine created by Jean-Andr\u00e9 Charial, owner of Baumani\u00e8re. Hand picked \/ Blend : 90% Grenache, 3% Cinsault, 5% Counoise, 2% Mourv\u00e8dre A word from our Head Sommelier : An ample and sensual ros\u00e9. Rose petal colour, nose dominated by wild strawberries and redcurrants. Still young in the mouth, with a background of small fruits. [&hellip;]\" \/>\n<meta property=\"og:url\" content=\"https:\/\/www.baumaniereboutique.com\/en\/produits\/products\/the-wine-cellar\/laffectif-rose-2021\/\" \/>\n<meta property=\"og:site_name\" content=\"La Boutique de Baumani\u00e8re\" \/>\n<meta property=\"article:modified_time\" content=\"2022-05-03T12:45:21+00:00\" \/>\n<meta property=\"og:image\" content=\"https:\/\/www.baumaniereboutique.com\/wp-content\/uploads\/2021\/12\/Affectif-rose-2023-2480x2480.png\" \/>\n\t<meta property=\"og:image:width\" content=\"2480\" \/>\n\t<meta property=\"og:image:height\" content=\"2480\" \/>\n\t<meta property=\"og:image:type\" content=\"image\/png\" \/>\n<meta name=\"twitter:card\" content=\"summary_large_image\" \/>\n<meta name=\"twitter:label1\" content=\"Est. reading time\" \/>\n\t<meta name=\"twitter:data1\" content=\"1 minute\" \/>\n<script type=\"application\/ld+json\" class=\"yoast-schema-graph\">{\"@context\":\"https:\/\/schema.org\",\"@graph\":[{\"@type\":\"WebPage\",\"@id\":\"https:\/\/www.baumaniereboutique.com\/en\/produits\/products\/the-wine-cellar\/laffectif-rose-2021\/\",\"url\":\"https:\/\/www.baumaniereboutique.com\/en\/produits\/products\/the-wine-cellar\/laffectif-rose-2021\/\",\"name\":\"L'Affectif Ros\u00e9 2021 | La Boutique de Baumani\u00e8re\",\"isPartOf\":{\"@id\":\"https:\/\/www.baumaniereboutique.com\/en\/#website\"},\"primaryImageOfPage\":{\"@id\":\"https:\/\/www.baumaniereboutique.com\/en\/produits\/products\/the-wine-cellar\/laffectif-rose-2021\/#primaryimage\"},\"image\":{\"@id\":\"https:\/\/www.baumaniereboutique.com\/en\/produits\/products\/the-wine-cellar\/laffectif-rose-2021\/#primaryimage\"},\"thumbnailUrl\":\"https:\/\/www.baumaniereboutique.com\/wp-content\/uploads\/2021\/12\/affectif-rose-2024-1-scaled.jpg\",\"datePublished\":\"2021-12-08T14:28:30+00:00\",\"dateModified\":\"2022-05-03T12:45:21+00:00\",\"breadcrumb\":{\"@id\":\"https:\/\/www.baumaniereboutique.com\/en\/produits\/products\/the-wine-cellar\/laffectif-rose-2021\/#breadcrumb\"},\"inLanguage\":\"en-US\",\"potentialAction\":[{\"@type\":\"ReadAction\",\"target\":[\"https:\/\/www.baumaniereboutique.com\/en\/produits\/products\/the-wine-cellar\/laffectif-rose-2021\/\"]}]},{\"@type\":\"ImageObject\",\"inLanguage\":\"en-US\",\"@id\":\"https:\/\/www.baumaniereboutique.com\/en\/produits\/products\/the-wine-cellar\/laffectif-rose-2021\/#primaryimage\",\"url\":\"https:\/\/www.baumaniereboutique.com\/wp-content\/uploads\/2021\/12\/affectif-rose-2024-1-scaled.jpg\",\"contentUrl\":\"https:\/\/www.baumaniereboutique.com\/wp-content\/uploads\/2021\/12\/affectif-rose-2024-1-scaled.jpg\",\"width\":2560,\"height\":2560},{\"@type\":\"BreadcrumbList\",\"@id\":\"https:\/\/www.baumaniereboutique.com\/en\/produits\/products\/the-wine-cellar\/laffectif-rose-2021\/#breadcrumb\",\"itemListElement\":[{\"@type\":\"ListItem\",\"position\":1,\"name\":\"Homepage\",\"item\":\"https:\/\/www.baumaniereboutique.com\/en\/\"},{\"@type\":\"ListItem\",\"position\":2,\"name\":\"Boutique\",\"item\":\"https:\/\/www.baumaniereboutique.com\/boutique\/\"},{\"@type\":\"ListItem\",\"position\":3,\"name\":\"L&#8217;Affectif Ros\u00e9 2021\"}]},{\"@type\":\"WebSite\",\"@id\":\"https:\/\/www.baumaniereboutique.com\/en\/#website\",\"url\":\"https:\/\/www.baumaniereboutique.com\/en\/\",\"name\":\"La Boutique de Baumani\u00e8re\",\"description\":\"LES BAUX DE PROVENCE\",\"potentialAction\":[{\"@type\":\"SearchAction\",\"target\":{\"@type\":\"EntryPoint\",\"urlTemplate\":\"https:\/\/www.baumaniereboutique.com\/en\/?s={search_term_string}\"},\"query-input\":{\"@type\":\"PropertyValueSpecification\",\"valueRequired\":true,\"valueName\":\"search_term_string\"}}],\"inLanguage\":\"en-US\"}]}<\/script>\n<!-- \/ Yoast SEO plugin. -->","yoast_head_json":{"title":"L'Affectif Ros\u00e9 2021 | La Boutique de Baumani\u00e8re","robots":{"index":"index","follow":"follow","max-snippet":"max-snippet:-1","max-image-preview":"max-image-preview:large","max-video-preview":"max-video-preview:-1"},"canonical":"https:\/\/www.baumaniereboutique.com\/en\/produits\/products\/the-wine-cellar\/laffectif-rose-2021\/","og_locale":"en_US","og_type":"article","og_title":"L'Affectif Ros\u00e9 2021 | La Boutique de Baumani\u00e8re","og_description":"Biodynamic wine created by Jean-Andr\u00e9 Charial, owner of Baumani\u00e8re. Hand picked \/ Blend : 90% Grenache, 3% Cinsault, 5% Counoise, 2% Mourv\u00e8dre A word from our Head Sommelier : An ample and sensual ros\u00e9. Rose petal colour, nose dominated by wild strawberries and redcurrants. Still young in the mouth, with a background of small fruits. [&hellip;]","og_url":"https:\/\/www.baumaniereboutique.com\/en\/produits\/products\/the-wine-cellar\/laffectif-rose-2021\/","og_site_name":"La Boutique de Baumani\u00e8re","article_modified_time":"2022-05-03T12:45:21+00:00","og_image":[{"width":2480,"height":2480,"url":"https:\/\/www.baumaniereboutique.com\/wp-content\/uploads\/2021\/12\/Affectif-rose-2023-2480x2480.png","type":"image\/png"}],"twitter_card":"summary_large_image","twitter_misc":{"Est. reading time":"1 minute"},"schema":{"@context":"https:\/\/schema.org","@graph":[{"@type":"WebPage","@id":"https:\/\/www.baumaniereboutique.com\/en\/produits\/products\/the-wine-cellar\/laffectif-rose-2021\/","url":"https:\/\/www.baumaniereboutique.com\/en\/produits\/products\/the-wine-cellar\/laffectif-rose-2021\/","name":"L'Affectif Ros\u00e9 2021 | La Boutique de Baumani\u00e8re","isPartOf":{"@id":"https:\/\/www.baumaniereboutique.com\/en\/#website"},"primaryImageOfPage":{"@id":"https:\/\/www.baumaniereboutique.com\/en\/produits\/products\/the-wine-cellar\/laffectif-rose-2021\/#primaryimage"},"image":{"@id":"https:\/\/www.baumaniereboutique.com\/en\/produits\/products\/the-wine-cellar\/laffectif-rose-2021\/#primaryimage"},"thumbnailUrl":"https:\/\/www.baumaniereboutique.com\/wp-content\/uploads\/2021\/12\/affectif-rose-2024-1-scaled.jpg","datePublished":"2021-12-08T14:28:30+00:00","dateModified":"2022-05-03T12:45:21+00:00","breadcrumb":{"@id":"https:\/\/www.baumaniereboutique.com\/en\/produits\/products\/the-wine-cellar\/laffectif-rose-2021\/#breadcrumb"},"inLanguage":"en-US","potentialAction":[{"@type":"ReadAction","target":["https:\/\/www.baumaniereboutique.com\/en\/produits\/products\/the-wine-cellar\/laffectif-rose-2021\/"]}]},{"@type":"ImageObject","inLanguage":"en-US","@id":"https:\/\/www.baumaniereboutique.com\/en\/produits\/products\/the-wine-cellar\/laffectif-rose-2021\/#primaryimage","url":"https:\/\/www.baumaniereboutique.com\/wp-content\/uploads\/2021\/12\/affectif-rose-2024-1-scaled.jpg","contentUrl":"https:\/\/www.baumaniereboutique.com\/wp-content\/uploads\/2021\/12\/affectif-rose-2024-1-scaled.jpg","width":2560,"height":2560},{"@type":"BreadcrumbList","@id":"https:\/\/www.baumaniereboutique.com\/en\/produits\/products\/the-wine-cellar\/laffectif-rose-2021\/#breadcrumb","itemListElement":[{"@type":"ListItem","position":1,"name":"Homepage","item":"https:\/\/www.baumaniereboutique.com\/en\/"},{"@type":"ListItem","position":2,"name":"Boutique","item":"https:\/\/www.baumaniereboutique.com\/boutique\/"},{"@type":"ListItem","position":3,"name":"L&#8217;Affectif Ros\u00e9 2021"}]},{"@type":"WebSite","@id":"https:\/\/www.baumaniereboutique.com\/en\/#website","url":"https:\/\/www.baumaniereboutique.com\/en\/","name":"La Boutique de Baumani\u00e8re","description":"LES BAUX DE PROVENCE","potentialAction":[{"@type":"SearchAction","target":{"@type":"EntryPoint","urlTemplate":"https:\/\/www.baumaniereboutique.com\/en\/?s={search_term_string}"},"query-input":{"@type":"PropertyValueSpecification","valueRequired":true,"valueName":"search_term_string"}}],"inLanguage":"en-US"}]}},"_links":{"self":[{"href":"https:\/\/www.baumaniereboutique.com\/en\/wp-json\/wp\/v2\/product\/4317","targetHints":{"allow":["GET"]}}],"collection":[{"href":"https:\/\/www.baumaniereboutique.com\/en\/wp-json\/wp\/v2\/product"}],"about":[{"href":"https:\/\/www.baumaniereboutique.com\/en\/wp-json\/wp\/v2\/types\/product"}],"replies":[{"embeddable":true,"href":"https:\/\/www.baumaniereboutique.com\/en\/wp-json\/wp\/v2\/comments?post=4317"}],"wp:featuredmedia":[{"embeddable":true,"href":"https:\/\/www.baumaniereboutique.com\/en\/wp-json\/wp\/v2\/media\/43771"}],"wp:attachment":[{"href":"https:\/\/www.baumaniereboutique.com\/en\/wp-json\/wp\/v2\/media?parent=4317"}],"wp:term":[{"taxonomy":"product_brand","embeddable":true,"href":"https:\/\/www.baumaniereboutique.com\/en\/wp-json\/wp\/v2\/product_brand?post=4317"},{"taxonomy":"product_cat","embeddable":true,"href":"https:\/\/www.baumaniereboutique.com\/en\/wp-json\/wp\/v2\/product_cat?post=4317"},{"taxonomy":"product_tag","embeddable":true,"href":"https:\/\/www.baumaniereboutique.com\/en\/wp-json\/wp\/v2\/product_tag?post=4317"}],"curies":[{"name":"wp","href":"https:\/\/api.w.org\/{rel}","templated":true}]}}

L&#8217;Affectif Rosé 2021

<p>Biodynamic wine created by Jean-André Charial, owner of Baumanière.</p>
<p>Hand picked / Blend : 90% Grenache, 3% Cinsault, 5% Counoise, 2% Mourvèdre</p>
<p>A word from our Head Sommelier :<br />
An ample and sensual rosé. Rose petal colour, nose dominated by wild strawberries and redcurrants. Still young in the mouth, with a background of small fruits. A texture well coated by a hint of acidity on a mineral note which gives it a beautiful freshness and a lot of tenderness on the finish.</p>
<p>To be chilled well before drinking (10-12° T) as an aperitif or to accompany fish dishes such as red mullet and lean meat, tajines, country-style charcuterie and mixed salads.</p>
<p>13.5% vol. / 750 ml</p>
<p>Alcohol abuse is dangerous for your health, consume in moderation.</p>

<p>Biodynamic wine created by Jean-André Charial, owner of Baumanière. Hand picked / Blend : 90% Grenache, 3% Cinsault, 5% Counoise, 2% Mourvèdre A word from our Head Sommelier : An ample and sensual rosé. Rose petal colour, nose dominated by wild strawberries and redcurrants. Still young in the mouth, with a background of small fruits. [&hellip;]</p>

<!-- This site is optimized with the Yoast SEO plugin v27.2 - https://yoast.com/product/yoast-seo-wordpress/ -->
<title>L&#039;Affectif Rosé 2021 | La Boutique de Baumanière</title>
<meta name="robots" content="index, follow, max-snippet:-1, max-image-preview:large, max-video-preview:-1" />
<link rel="canonical" href="https://www.baumaniereboutique.com/en/produits/products/the-wine-cellar/laffectif-rose-2021/" />
<meta property="og:locale" content="en_US" />
<meta property="og:type" content="article" />
<meta property="og:title" content="L&#039;Affectif Rosé 2021 | La Boutique de Baumanière" />
<meta property="og:description" content="Biodynamic wine created by Jean-André Charial, owner of Baumanière. Hand picked / Blend : 90% Grenache, 3% Cinsault, 5% Counoise, 2% Mourvèdre A word from our Head Sommelier : An ample and sensual rosé. Rose petal colour, nose dominated by wild strawberries and redcurrants. Still young in the mouth, with a background of small fruits. [&hellip;]" />
<meta property="og:url" content="https://www.baumaniereboutique.com/en/produits/products/the-wine-cellar/laffectif-rose-2021/" />
<meta property="og:site_name" content="La Boutique de Baumanière" />
<meta property="article:modified_time" content="2022-05-03T12:45:21+00:00" />
<meta property="og:image" content="https://www.baumaniereboutique.com/wp-content/uploads/2021/12/Affectif-rose-2023-2480x2480.png" />
	<meta property="og:image:width" content="2480" />
	<meta property="og:image:height" content="2480" />
	<meta property="og:image:type" content="image/png" />
<meta name="twitter:card" content="summary_large_image" />
<meta name="twitter:label1" content="Est. reading time" />
	<meta name="twitter:data1" content="1 minute" />
<script type="application/ld+json" class="yoast-schema-graph">{"@context":"https://schema.org","@graph":[{"@type":"WebPage","@id":"https://www.baumaniereboutique.com/en/produits/products/the-wine-cellar/laffectif-rose-2021/","url":"https://www.baumaniereboutique.com/en/produits/products/the-wine-cellar/laffectif-rose-2021/","name":"L'Affectif Rosé 2021 | La Boutique de Baumanière","isPartOf":{"@id":"https://www.baumaniereboutique.com/en/#website"},"primaryImageOfPage":{"@id":"https://www.baumaniereboutique.com/en/produits/products/the-wine-cellar/laffectif-rose-2021/#primaryimage"},"image":{"@id":"https://www.baumaniereboutique.com/en/produits/products/the-wine-cellar/laffectif-rose-2021/#primaryimage"},"thumbnailUrl":"https://www.baumaniereboutique.com/wp-content/uploads/2021/12/affectif-rose-2024-1-scaled.jpg","datePublished":"2021-12-08T14:28:30+00:00","dateModified":"2022-05-03T12:45:21+00:00","breadcrumb":{"@id":"https://www.baumaniereboutique.com/en/produits/products/the-wine-cellar/laffectif-rose-2021/#breadcrumb"},"inLanguage":"en-US","potentialAction":[{"@type":"ReadAction","target":["https://www.baumaniereboutique.com/en/produits/products/the-wine-cellar/laffectif-rose-2021/"]}]},{"@type":"ImageObject","inLanguage":"en-US","@id":"https://www.baumaniereboutique.com/en/produits/products/the-wine-cellar/laffectif-rose-2021/#primaryimage","url":"https://www.baumaniereboutique.com/wp-content/uploads/2021/12/affectif-rose-2024-1-scaled.jpg","contentUrl":"https://www.baumaniereboutique.com/wp-content/uploads/2021/12/affectif-rose-2024-1-scaled.jpg","width":2560,"height":2560},{"@type":"BreadcrumbList","@id":"https://www.baumaniereboutique.com/en/produits/products/the-wine-cellar/laffectif-rose-2021/#breadcrumb","itemListElement":[{"@type":"ListItem","position":1,"name":"Homepage","item":"https://www.baumaniereboutique.com/en/"},{"@type":"ListItem","position":2,"name":"Boutique","item":"https://www.baumaniereboutique.com/boutique/"},{"@type":"ListItem","position":3,"name":"L&#8217;Affectif Rosé 2021"}]},{"@type":"WebSite","@id":"https://www.baumaniereboutique.com/en/#website","url":"https://www.baumaniereboutique.com/en/","name":"La Boutique de Baumanière","description":"LES BAUX DE PROVENCE","potentialAction":[{"@type":"SearchAction","target":{"@type":"EntryPoint","urlTemplate":"https://www.baumaniereboutique.com/en/?s={search_term_string}"},"query-input":{"@type":"PropertyValueSpecification","valueRequired":true,"valueName":"search_term_string"}}],"inLanguage":"en-US"}]}</script>
<!-- / Yoast SEO plugin. -->

L'Affectif Rosé 2021 | La Boutique de Baumanière

Biodynamic wine created by Jean-André Charial, owner of Baumanière. Hand picked / Blend : 90% Grenache, 3% Cinsault, 5% Counoise, 2% Mourvèdre A word from our Head Sommelier : An ample and sensual rosé. Rose petal colour, nose dominated by wild strawberries and redcurrants. Still young in the mouth, with a background of small fruits. [&hellip;]

La Boutique de Baumanière
